{"id":208,"date":"2024-04-21T11:16:40","date_gmt":"2024-04-21T09:16:40","guid":{"rendered":"https:\/\/polymer.sav.sk\/bypos2025\/?page_id=208"},"modified":"2024-04-27T11:11:30","modified_gmt":"2024-04-27T09:11:30","slug":"accommodation","status":"publish","type":"page","link":"https:\/\/polymer.sav.sk\/bypos2025\/accommodation\/","title":{"rendered":"Accommodation"},"content":{"rendered":"\n<figure class=\"wp-block-image\"><img decoding=\"async\" src=\"https:\/\/lh7-us.googleusercontent.com\/qfGQjqE6f7G2IJrh9nIcEACmSNHRbfFcaYF8aOkEJBzlUec9iHOVTkR-wZ2-r7s_L79TVgJxWF2YkaeDD0lnc8Y-tK3UC7a94lQJcLDaI7ZunwpiWWa4SWF5bFyjhBbbhTmUgb9kMf9zMNE\" alt=\"\"\/><\/figure>\n\n\n\n<p>Overlooked by the ancient \u013dubov\u0148a Castle, the town of Star\u00e1 \u013dubov\u0148a, the centre of the Northern Spi\u0161 region, lies in the River Poprad basin in northern Slovakia. Star\u00e1 \u013dubov\u0148a (population 17,036) is a town with an exciting&nbsp; history and a charming natural setting. The town\u2019s historical square is surrounded by burgess houses, and its centre is occupied by the St. Nicolas Roman Catholic church.Over the local quarter of Podsadek, the stone-walled \u013dubov\u0148a Castle rises on a limestone hill at 711 metres above sea level, and it houses exhibitions dedicated to the castle\u2019s history, guilds and crafts. Separate exhibitions, open air Museum of Folk Architecture and a historical military camp are located in the castle`s surrounding areas.&nbsp;<\/p>\n\n\n\n<p>Situated 1 km from Star\u00e1 Lubov\u0148a town centre and just a few minutes walk from train and bus station, Hotel Familia*** offers en-suite accommodation, a&nbsp;congress room, a restaurant and a bar.&nbsp;<\/p>\n\n\n\n<p>International specialities,traditional Slovak cuisine, and the best Slovak wines can be tasted. A buffet breakfast is served daily. For an additional cost, guests can also relax in the on-site wellness or fitness centre.&nbsp;<\/p>\n\n\n\n<p>Hotel Familia*** offers comfortably furnished rooms, equipped with private bathrooms, desks, storage space and TVs. Some rooms offer a view of Lubovna Castle.&nbsp;<\/p>\n\n\n\n<p>Free WiFi is available in the entire property, and free private parking is possible on site.<\/p>\n\n\n\n<p>Check-in time: 14:00<\/p>\n\n\n\n<p>Check-out time: 10:00&nbsp;<\/p>\n\n\n\n<p>More details about accommodation you can find on <a href=\"http:\/\/www.hotelfamilia.sk\">www.hotelfamilia.sk<\/a><\/p>\n\n\n\n<div style=\"position: relative; overflow: hidden; width: 100%; padding-top: 75%;\">\n<iframe src=\"https:\/\/www.google.com\/maps\/embed?pb=!1m18!1m12!1m3!1d34998.179605755686!2d20.65905270264155!3d49.30944936019135!2m3!1f0!2f0!3f0!3m2!1i1024!2i768!4f13.1!3m3!1m2!1s0x473e0d5f0760bd55%3A0xe9ae74613f66f2ba!2sHotel%20Familia!5e0!3m2!1ssk!2ssk!4v1714207866423!5m2!1ssk!2ssk\" style=\"border:0; position: absolute; top: 0;left: 0;bottom: 0; right: 0;width: 100%; height: 100%;\" allowfullscreen=\"\" loading=\"lazy\" referrerpolicy=\"no-referrer-when-downgrade\"><\/iframe>\n<\/div>\n","protected":false},"excerpt":{"rendered":"<p>Overlooked by the ancient \u013dubov\u0148a Castle, the town of Star\u00e1 \u013dubov\u0148a, the centre of the Northern Spi\u0161 region, lies in the River Poprad basin in northern Slovakia. Star\u00e1 \u013dubov\u0148a (population 17,036) is a town with an exciting&nbsp; history and a charming natural setting. The town\u2019s historical square is surrounded by burgess houses, and its centre [&hellip;]<\/p>\n","protected":false},"author":1,"featured_media":0,"parent":0,"menu_order":0,"comment_status":"closed","ping_status":"closed","template":"","meta":{"ocean_post_layout":"","ocean_both_sidebars_style":"","ocean_both_sidebars_content_width":0,"ocean_both_sidebars_sidebars_width":0,"ocean_sidebar":"","ocean_second_sidebar":"","ocean_disable_margins":"enable","ocean_add_body_class":"","ocean_shortcode_before_top_bar":"","ocean_shortcode_after_top_bar":"","ocean_shortcode_before_header":"","ocean_shortcode_after_header":"","ocean_has_shortcode":"","ocean_shortcode_after_title":"","ocean_shortcode_before_footer_widgets":"","ocean_shortcode_after_footer_widgets":"","ocean_shortcode_before_footer_bottom":"","ocean_shortcode_after_footer_bottom":"","ocean_display_top_bar":"default","ocean_display_header":"default","ocean_header_style":"","ocean_center_header_left_menu":"","ocean_custom_header_template":"","ocean_custom_logo":0,"ocean_custom_retina_logo":0,"ocean_custom_logo_max_width":0,"ocean_custom_logo_tablet_max_width":0,"ocean_custom_logo_mobile_max_width":0,"ocean_custom_logo_max_height":0,"ocean_custom_logo_tablet_max_height":0,"ocean_custom_logo_mobile_max_height":0,"ocean_header_custom_menu":"","ocean_menu_typo_font_family":"","ocean_menu_typo_font_subset":"","ocean_menu_typo_font_size":0,"ocean_menu_typo_font_size_tablet":0,"ocean_menu_typo_font_size_mobile":0,"ocean_menu_typo_font_size_unit":"px","ocean_menu_typo_font_weight":"","ocean_menu_typo_font_weight_tablet":"","ocean_menu_typo_font_weight_mobile":"","ocean_menu_typo_transform":"","ocean_menu_typo_transform_tablet":"","ocean_menu_typo_transform_mobile":"","ocean_menu_typo_line_height":0,"ocean_menu_typo_line_height_tablet":0,"ocean_menu_typo_line_height_mobile":0,"ocean_menu_typo_line_height_unit":"","ocean_menu_typo_spacing":0,"ocean_menu_typo_spacing_tablet":0,"ocean_menu_typo_spacing_mobile":0,"ocean_menu_typo_spacing_unit":"","ocean_menu_link_color":"","ocean_menu_link_color_hover":"","ocean_menu_link_color_active":"","ocean_menu_link_background":"","ocean_menu_link_hover_background":"","ocean_menu_link_active_background":"","ocean_menu_social_links_bg":"","ocean_menu_social_hover_links_bg":"","ocean_menu_social_links_color":"","ocean_menu_social_hover_links_color":"","ocean_disable_title":"default","ocean_disable_heading":"default","ocean_post_title":"","ocean_post_subheading":"","ocean_post_title_style":"","ocean_post_title_background_color":"","ocean_post_title_background":0,"ocean_post_title_bg_image_position":"","ocean_post_title_bg_image_attachment":"","ocean_post_title_bg_image_repeat":"","ocean_post_title_bg_image_size":"","ocean_post_title_height":0,"ocean_post_title_bg_overlay":0.5,"ocean_post_title_bg_overlay_color":"","ocean_disable_breadcrumbs":"default","ocean_breadcrumbs_color":"","ocean_breadcrumbs_separator_color":"","ocean_breadcrumbs_links_color":"","ocean_breadcrumbs_links_hover_color":"","ocean_display_footer_widgets":"default","ocean_display_footer_bottom":"default","ocean_custom_footer_template":"","footnotes":""},"class_list":["post-208","page","type-page","status-publish","hentry","entry"],"yoast_head":"<!-- This site is optimized with the Yoast SEO plugin v27.4 - https:\/\/yoast.com\/product\/yoast-seo-wordpress\/ -->\n<title>Accommodation - 10th Bratislava Young Polymer Scientists Conference<\/title>\n<meta name=\"robots\" content=\"index, follow, max-snippet:-1, max-image-preview:large, max-video-preview:-1\" \/>\n<link rel=\"canonical\" href=\"https:\/\/polymer.sav.sk\/bypos2025\/accommodation\/\" \/>\n<meta property=\"og:locale\" content=\"sk_SK\" \/>\n<meta property=\"og:type\" content=\"article\" \/>\n<meta property=\"og:title\" content=\"Accommodation - 10th Bratislava Young Polymer Scientists Conference\" \/>\n<meta property=\"og:description\" content=\"Overlooked by the ancient \u013dubov\u0148a Castle, the town of Star\u00e1 \u013dubov\u0148a, the centre of the Northern Spi\u0161 region, lies in the River Poprad basin in northern Slovakia. Star\u00e1 \u013dubov\u0148a (population 17,036) is a town with an exciting&nbsp; history and a charming natural setting. The town\u2019s historical square is surrounded by burgess houses, and its centre [&hellip;]\" \/>\n<meta property=\"og:url\" content=\"https:\/\/polymer.sav.sk\/bypos2025\/accommodation\/\" \/>\n<meta property=\"og:site_name\" content=\"10th Bratislava Young Polymer Scientists Conference\" \/>\n<meta property=\"article:modified_time\" content=\"2024-04-27T09:11:30+00:00\" \/>\n<meta property=\"og:image\" content=\"https:\/\/lh7-us.googleusercontent.com\/qfGQjqE6f7G2IJrh9nIcEACmSNHRbfFcaYF8aOkEJBzlUec9iHOVTkR-wZ2-r7s_L79TVgJxWF2YkaeDD0lnc8Y-tK3UC7a94lQJcLDaI7ZunwpiWWa4SWF5bFyjhBbbhTmUgb9kMf9zMNE\" \/>\n<meta name=\"twitter:card\" content=\"summary_large_image\" \/>\n<meta name=\"twitter:label1\" content=\"Predpokladan\u00fd \u010das \u010d\u00edtania\" \/>\n\t<meta name=\"twitter:data1\" content=\"2 min\u00faty\" \/>\n<script type=\"application\/ld+json\" class=\"yoast-schema-graph\">{\"@context\":\"https:\\\/\\\/schema.org\",\"@graph\":[{\"@type\":\"WebPage\",\"@id\":\"https:\\\/\\\/polymer.sav.sk\\\/bypos2025\\\/accommodation\\\/\",\"url\":\"https:\\\/\\\/polymer.sav.sk\\\/bypos2025\\\/accommodation\\\/\",\"name\":\"Accommodation - 10th Bratislava Young Polymer Scientists Conference\",\"isPartOf\":{\"@id\":\"https:\\\/\\\/polymer.sav.sk\\\/bypos2025\\\/#website\"},\"primaryImageOfPage\":{\"@id\":\"https:\\\/\\\/polymer.sav.sk\\\/bypos2025\\\/accommodation\\\/#primaryimage\"},\"image\":{\"@id\":\"https:\\\/\\\/polymer.sav.sk\\\/bypos2025\\\/accommodation\\\/#primaryimage\"},\"thumbnailUrl\":\"https:\\\/\\\/lh7-us.googleusercontent.com\\\/qfGQjqE6f7G2IJrh9nIcEACmSNHRbfFcaYF8aOkEJBzlUec9iHOVTkR-wZ2-r7s_L79TVgJxWF2YkaeDD0lnc8Y-tK3UC7a94lQJcLDaI7ZunwpiWWa4SWF5bFyjhBbbhTmUgb9kMf9zMNE\",\"datePublished\":\"2024-04-21T09:16:40+00:00\",\"dateModified\":\"2024-04-27T09:11:30+00:00\",\"breadcrumb\":{\"@id\":\"https:\\\/\\\/polymer.sav.sk\\\/bypos2025\\\/accommodation\\\/#breadcrumb\"},\"inLanguage\":\"sk-SK\",\"potentialAction\":[{\"@type\":\"ReadAction\",\"target\":[\"https:\\\/\\\/polymer.sav.sk\\\/bypos2025\\\/accommodation\\\/\"]}]},{\"@type\":\"ImageObject\",\"inLanguage\":\"sk-SK\",\"@id\":\"https:\\\/\\\/polymer.sav.sk\\\/bypos2025\\\/accommodation\\\/#primaryimage\",\"url\":\"https:\\\/\\\/lh7-us.googleusercontent.com\\\/qfGQjqE6f7G2IJrh9nIcEACmSNHRbfFcaYF8aOkEJBzlUec9iHOVTkR-wZ2-r7s_L79TVgJxWF2YkaeDD0lnc8Y-tK3UC7a94lQJcLDaI7ZunwpiWWa4SWF5bFyjhBbbhTmUgb9kMf9zMNE\",\"contentUrl\":\"https:\\\/\\\/lh7-us.googleusercontent.com\\\/qfGQjqE6f7G2IJrh9nIcEACmSNHRbfFcaYF8aOkEJBzlUec9iHOVTkR-wZ2-r7s_L79TVgJxWF2YkaeDD0lnc8Y-tK3UC7a94lQJcLDaI7ZunwpiWWa4SWF5bFyjhBbbhTmUgb9kMf9zMNE\"},{\"@type\":\"BreadcrumbList\",\"@id\":\"https:\\\/\\\/polymer.sav.sk\\\/bypos2025\\\/accommodation\\\/#breadcrumb\",\"itemListElement\":[{\"@type\":\"ListItem\",\"position\":1,\"name\":\"Domovsk\u00e1 str\u00e1nka\",\"item\":\"https:\\\/\\\/polymer.sav.sk\\\/bypos2025\\\/\"},{\"@type\":\"ListItem\",\"position\":2,\"name\":\"Accommodation\"}]},{\"@type\":\"WebSite\",\"@id\":\"https:\\\/\\\/polymer.sav.sk\\\/bypos2025\\\/#website\",\"url\":\"https:\\\/\\\/polymer.sav.sk\\\/bypos2025\\\/\",\"name\":\"10th Bratislava Young Polymer Scientists Conference\",\"description\":\"\",\"publisher\":{\"@id\":\"https:\\\/\\\/polymer.sav.sk\\\/bypos2025\\\/#organization\"},\"potentialAction\":[{\"@type\":\"SearchAction\",\"target\":{\"@type\":\"EntryPoint\",\"urlTemplate\":\"https:\\\/\\\/polymer.sav.sk\\\/bypos2025\\\/?s={search_term_string}\"},\"query-input\":{\"@type\":\"PropertyValueSpecification\",\"valueRequired\":true,\"valueName\":\"search_term_string\"}}],\"inLanguage\":\"sk-SK\"},{\"@type\":\"Organization\",\"@id\":\"https:\\\/\\\/polymer.sav.sk\\\/bypos2025\\\/#organization\",\"name\":\"10th Bratislava Young Polymer Scientists Conference\",\"url\":\"https:\\\/\\\/polymer.sav.sk\\\/bypos2025\\\/\",\"logo\":{\"@type\":\"ImageObject\",\"inLanguage\":\"sk-SK\",\"@id\":\"https:\\\/\\\/polymer.sav.sk\\\/bypos2025\\\/#\\\/schema\\\/logo\\\/image\\\/\",\"url\":\"https:\\\/\\\/polymer.sav.sk\\\/bypos2025\\\/wp-content\\\/uploads\\\/logoBYPoS2025-1200.png\",\"contentUrl\":\"https:\\\/\\\/polymer.sav.sk\\\/bypos2025\\\/wp-content\\\/uploads\\\/logoBYPoS2025-1200.png\",\"width\":1200,\"height\":1200,\"caption\":\"10th Bratislava Young Polymer Scientists Conference\"},\"image\":{\"@id\":\"https:\\\/\\\/polymer.sav.sk\\\/bypos2025\\\/#\\\/schema\\\/logo\\\/image\\\/\"}}]}<\/script>\n<!-- \/ Yoast SEO plugin. -->","yoast_head_json":{"title":"Accommodation - 10th Bratislava Young Polymer Scientists Conference","robots":{"index":"index","follow":"follow","max-snippet":"max-snippet:-1","max-image-preview":"max-image-preview:large","max-video-preview":"max-video-preview:-1"},"canonical":"https:\/\/polymer.sav.sk\/bypos2025\/accommodation\/","og_locale":"sk_SK","og_type":"article","og_title":"Accommodation - 10th Bratislava Young Polymer Scientists Conference","og_description":"Overlooked by the ancient \u013dubov\u0148a Castle, the town of Star\u00e1 \u013dubov\u0148a, the centre of the Northern Spi\u0161 region, lies in the River Poprad basin in northern Slovakia. Star\u00e1 \u013dubov\u0148a (population 17,036) is a town with an exciting&nbsp; history and a charming natural setting. The town\u2019s historical square is surrounded by burgess houses, and its centre [&hellip;]","og_url":"https:\/\/polymer.sav.sk\/bypos2025\/accommodation\/","og_site_name":"10th Bratislava Young Polymer Scientists Conference","article_modified_time":"2024-04-27T09:11:30+00:00","og_image":[{"url":"https:\/\/lh7-us.googleusercontent.com\/qfGQjqE6f7G2IJrh9nIcEACmSNHRbfFcaYF8aOkEJBzlUec9iHOVTkR-wZ2-r7s_L79TVgJxWF2YkaeDD0lnc8Y-tK3UC7a94lQJcLDaI7ZunwpiWWa4SWF5bFyjhBbbhTmUgb9kMf9zMNE","type":"","width":"","height":""}],"twitter_card":"summary_large_image","twitter_misc":{"Predpokladan\u00fd \u010das \u010d\u00edtania":"2 min\u00faty"},"schema":{"@context":"https:\/\/schema.org","@graph":[{"@type":"WebPage","@id":"https:\/\/polymer.sav.sk\/bypos2025\/accommodation\/","url":"https:\/\/polymer.sav.sk\/bypos2025\/accommodation\/","name":"Accommodation - 10th Bratislava Young Polymer Scientists Conference","isPartOf":{"@id":"https:\/\/polymer.sav.sk\/bypos2025\/#website"},"primaryImageOfPage":{"@id":"https:\/\/polymer.sav.sk\/bypos2025\/accommodation\/#primaryimage"},"image":{"@id":"https:\/\/polymer.sav.sk\/bypos2025\/accommodation\/#primaryimage"},"thumbnailUrl":"https:\/\/lh7-us.googleusercontent.com\/qfGQjqE6f7G2IJrh9nIcEACmSNHRbfFcaYF8aOkEJBzlUec9iHOVTkR-wZ2-r7s_L79TVgJxWF2YkaeDD0lnc8Y-tK3UC7a94lQJcLDaI7ZunwpiWWa4SWF5bFyjhBbbhTmUgb9kMf9zMNE","datePublished":"2024-04-21T09:16:40+00:00","dateModified":"2024-04-27T09:11:30+00:00","breadcrumb":{"@id":"https:\/\/polymer.sav.sk\/bypos2025\/accommodation\/#breadcrumb"},"inLanguage":"sk-SK","potentialAction":[{"@type":"ReadAction","target":["https:\/\/polymer.sav.sk\/bypos2025\/accommodation\/"]}]},{"@type":"ImageObject","inLanguage":"sk-SK","@id":"https:\/\/polymer.sav.sk\/bypos2025\/accommodation\/#primaryimage","url":"https:\/\/lh7-us.googleusercontent.com\/qfGQjqE6f7G2IJrh9nIcEACmSNHRbfFcaYF8aOkEJBzlUec9iHOVTkR-wZ2-r7s_L79TVgJxWF2YkaeDD0lnc8Y-tK3UC7a94lQJcLDaI7ZunwpiWWa4SWF5bFyjhBbbhTmUgb9kMf9zMNE","contentUrl":"https:\/\/lh7-us.googleusercontent.com\/qfGQjqE6f7G2IJrh9nIcEACmSNHRbfFcaYF8aOkEJBzlUec9iHOVTkR-wZ2-r7s_L79TVgJxWF2YkaeDD0lnc8Y-tK3UC7a94lQJcLDaI7ZunwpiWWa4SWF5bFyjhBbbhTmUgb9kMf9zMNE"},{"@type":"BreadcrumbList","@id":"https:\/\/polymer.sav.sk\/bypos2025\/accommodation\/#breadcrumb","itemListElement":[{"@type":"ListItem","position":1,"name":"Domovsk\u00e1 str\u00e1nka","item":"https:\/\/polymer.sav.sk\/bypos2025\/"},{"@type":"ListItem","position":2,"name":"Accommodation"}]},{"@type":"WebSite","@id":"https:\/\/polymer.sav.sk\/bypos2025\/#website","url":"https:\/\/polymer.sav.sk\/bypos2025\/","name":"10th Bratislava Young Polymer Scientists Conference","description":"","publisher":{"@id":"https:\/\/polymer.sav.sk\/bypos2025\/#organization"},"potentialAction":[{"@type":"SearchAction","target":{"@type":"EntryPoint","urlTemplate":"https:\/\/polymer.sav.sk\/bypos2025\/?s={search_term_string}"},"query-input":{"@type":"PropertyValueSpecification","valueRequired":true,"valueName":"search_term_string"}}],"inLanguage":"sk-SK"},{"@type":"Organization","@id":"https:\/\/polymer.sav.sk\/bypos2025\/#organization","name":"10th Bratislava Young Polymer Scientists Conference","url":"https:\/\/polymer.sav.sk\/bypos2025\/","logo":{"@type":"ImageObject","inLanguage":"sk-SK","@id":"https:\/\/polymer.sav.sk\/bypos2025\/#\/schema\/logo\/image\/","url":"https:\/\/polymer.sav.sk\/bypos2025\/wp-content\/uploads\/logoBYPoS2025-1200.png","contentUrl":"https:\/\/polymer.sav.sk\/bypos2025\/wp-content\/uploads\/logoBYPoS2025-1200.png","width":1200,"height":1200,"caption":"10th Bratislava Young Polymer Scientists Conference"},"image":{"@id":"https:\/\/polymer.sav.sk\/bypos2025\/#\/schema\/logo\/image\/"}}]}},"_links":{"self":[{"href":"https:\/\/polymer.sav.sk\/bypos2025\/wp-json\/wp\/v2\/pages\/208","targetHints":{"allow":["GET"]}}],"collection":[{"href":"https:\/\/polymer.sav.sk\/bypos2025\/wp-json\/wp\/v2\/pages"}],"about":[{"href":"https:\/\/polymer.sav.sk\/bypos2025\/wp-json\/wp\/v2\/types\/page"}],"author":[{"embeddable":true,"href":"https:\/\/polymer.sav.sk\/bypos2025\/wp-json\/wp\/v2\/users\/1"}],"replies":[{"embeddable":true,"href":"https:\/\/polymer.sav.sk\/bypos2025\/wp-json\/wp\/v2\/comments?post=208"}],"version-history":[{"count":2,"href":"https:\/\/polymer.sav.sk\/bypos2025\/wp-json\/wp\/v2\/pages\/208\/revisions"}],"predecessor-version":[{"id":233,"href":"https:\/\/polymer.sav.sk\/bypos2025\/wp-json\/wp\/v2\/pages\/208\/revisions\/233"}],"wp:attachment":[{"href":"https:\/\/polymer.sav.sk\/bypos2025\/wp-json\/wp\/v2\/media?parent=208"}],"curies":[{"name":"wp","href":"https:\/\/api.w.org\/{rel}","templated":true}]}}